e the first derivative of x**4 - 4*x**3/3 + 3*x**2/2 - x + 4. Calculate the remainder when 62 is divided by l(2).
20
Let h(s) = s + 228. Let o be h(0). Suppose -4*a + o = -84. Calculate the remainder when a is divided by 20.
18
Suppose 3*w - 43 = 3*x + 23, -5*x + 60 = 5*w. Calculate the remainder when 48 is divided by w.
14
Let w(x) = 5*x**2 - x + 2. Let c(k) = -k**3 + k**2 + k - 1. Let g be c(2). Let t be w(g). Suppose t = 6*m - m. What is the remainder when 39 is divided by m?
9
Suppose 3*m - 8*o = -3*o + 120, m - o - 42 = 0. What is the remainder when (-6)/m - 4844/(-105) is divided by 12?
10
Suppose -2*i + 2*u = -11 - 63, 2*u - 90 = -2*i. Calculate the remainder when i is divided by 11.
8
Let g = -9 + 13. Calculate the remainder when 11 is divided by g.
3
Let s = -7 + 12. Suppose -2*v + s*v = 3. What is the remainder when 2 is divided by v?
0
What is the remainder when 35 is divided by ((-16)/(-6))/(8/36)?
11
Let s(g) be the second derivative of -g**5/10 - g**4/6 - g. Calculate the remainder when 14 is divided by s(-2).
6
Let v(t) be the second derivative of t**4/6 + t**2 + 3*t. Suppose 2*o + 0*o + 2 = 0, -p + 2*o = 0. Calculate the remainder when v(p) is divided by 4.
2
Suppose 110 = 5*n - 5*o, -3*n = 5*o - 32 - 42. Suppose -5*l - 55 = b - 6*b, 3*b - 5*l - n = 0. What is the remainder when b is divided by 6?
4
Let p = -2 - 0. Suppose -6*k + 2*k + 92 = 0. Calculate the remainder when k is divided by (-116)/(-10) + p/(-5).
11
Let t(l) = -3*l + 10. Let v(k) = 6*k - 20. Let x(w) = 5*t(w) + 3*v(w). Let s be x(7). Let r = s + -2. Calculate the remainder when 25 is divided by r.
7
Let z(h) = h**2 + 3*h + 1. Let a(m) = m. Let q(w) = -5*a(w) + z(w). What is the remainder when q(-2) is divided by 5?
4
Suppose -s - 7 = -5*h + 1, -2*s + h = 16. Let q = 17 - 9. What is the remainder when (-6)/(-24) + (-118)/s is divided by q?
7
Let x(a) = 45*a - 3. Let r be x(3). Suppose -j = -3*j + r. Calculate the remainder when j is divided by 17.
15
Calculate the remainder when 0 + -1 - (-31 + 1) is divided by 10.
9
Let f = 69 - 20. Calculate the remainder when f is divided by 20.
9
Suppose -11 = 2*g - 1. Let m = 12 + g. Calculate the remainder when -2*(17/(-2) + -1) is divided by m.
5
Let d be (2 - -3) + -1 + 4. Calculate the remainder when 4/(d/3)*10 is divided by 6.
3
Calculate the remainder when 2/10 + (-1128)/(-60) is divided by 12.
7
Suppose 5*l + 3*m = 9, 6*m - 2*m + 11 = l. What is the remainder when 5 is divided by l?
2
Let y = -3 - -5. Suppose -2 = -w + y. Suppose 4*v - 5*p = 24 - w, p - 14 = -v. What is the remainder when 29 is divided by v?
9
Let a(i) = -i**3 + 2*i**2 + 2*i. Let x be a(3). What is the remainder when 12 is divided by (x/9)/(2/(-42))?
5
Let k(n) = n - 4. Suppose 9*h - 25 = 4*h. Let a be k(h). Suppose -13 + a = -d. What is the remainder when 22 is divided by d?
10
Let o = -72 + 155. Calculate the remainder when o is divided by 28.
27
Suppose 0 = -2*f + 2*p + p + 62, -38 = -2*f - 3*p. Let c(k) = k**2 - 2*k - 2. Calculate the remainder when f is divided by c(-3).
12
Let t(o) = o**3 - 4*o**2 - 10*o + 17. What is the remainder when t(6) is divided by 17?
12
Let q = -14 + 32. What is the remainder when 88/33*(-39)/(-2) is divided by q?
16
Suppose -4*u - 20 = 4*l, -5*l = 2*u - 5 + 30. Let j = 40 - 37. Suppose u = -j*p + 5*r + 52, -4*p - 3*r = p - 64. What is the remainder when p is divided by 4?
2
Suppose o + 2*o = 9. Suppose 0 = o*t + 3*u - 39, 4*u = 3*t - u - 47. Let l = -6 + 32. What is the remainder when l is divided by t?
12
Suppose 61 = 3*d + 16. What is the remainder when d is divided by 11?
4
Suppose -5*f = -g + 103, 2*g + 5*f - f = 220. Suppose -2*s + g - 13 = 3*p, -60 = -2*p + 2*s. What is the remainder when p is divided by 8?
7
Let a(k) = -2*k + 7. Suppose c = -0*c. Suppose -5*h + 81 + 79 = c. What is the remainder when h is divided by a(-5)?
15
Suppose 5*n - n = 12. Calculate the remainder when 6 is divided by n.
0
Let b(j) = 8*j + 104. Calculate the remainder when b(-8) is divided by ((-4)/5)/(2/(-35)).
12
Let z be 0/((-6)/(3 - 0)). Suppose z*p = -p + 13. Let q = -2 - -39. Calculate the remainder when q is divided by p.
11
Let s be ((-62)/(-4))/(2/4). Let i = s - 6. Calculate the remainder when 73 is divided by i.
23
Suppose d = 5*d - 68. Let a(z) = z. Let g be a(0). Suppose 2*x + y - 23 = g, x + y = -4*y + 34. Calculate the remainder when d is divided by x.
8
Suppose 0 = 6*c - 14*c + 48. Calculate the remainder when 130 is divided by c.
4
Let k = -58 + 77. Calculate the remainder when 91 is divided by k.
15
Suppose 4*n - 2*j = 70, 3*j + 0*j = -5*n + 71. Calculate the remainder when 46 is divided by n.
14
Calculate the remainder when 44 is divided by 427/28 + (-1)/4.
14
Suppose -27 = 4*a - 7*a. Suppose 0*s + 100 = 4*s. What is the remainder when s is divided by a?
7
Suppose -4*g = -3*c, 18 = g + 5*c - 5. Let y(m) = 8*m + 2. What is the remainder when y(g) is divided by 15?
11
Suppose -266 = -4*y - 3*y. What is the remainder when y is divided by 8?
6
Let o = -110 - -265. What is the remainder when o is divided by 39?
38
Suppose 0 = x + 2, -b - 4*x + 28 - 4 = 0. Calculate the remainder when b is divided by 20.
12
Let j(p) = p**2 - 14*p - 42. Let c(m) = 3*m**2 - 2. What is the remainder when c(3) is divided by j(17)?
7
Let c = -7 + 7. Suppose c = -j - 2*i + 30, j + 0*j = 5*i + 9. Suppose 4*h - 29 - 251 = 0. What is the remainder when h is divided by j?
22
Let j = 3 + -3. Suppose -2*q = 3*f - 37, 5*f + 7*q - 4*q - 63 = j. Suppose 77 = 3*i - 7. What is the remainder when i is divided by f?
13
Let l(s) = s - 20. What is the remainder when 27 is divided by l(34)?
13
Let z(y) = -y. Let f be z(-3). Let h = -3 + f. Suppose -4*s + 97 + 43 = h. Calculate the remainder when s is divided by 18.
17
Suppose 3*j - 72 = j. Calculate the remainder when j is divided by 13.
10
Suppose n = -n - 12. What is the remainder when -1*(2*-3 - -1) is divided by (1 - 3) + n/(-1)?
1
Suppose 3*s = 4*s - 20. Let a be 1 - -114 - 6/(-3). Suppose 3*h - 6*h + a = 0. What is the remainder when h is divided by s?
19
Suppose -6*k + 55 = -k. Suppose -c - 3*f = -20, 3*c + f - 60 = 3*f. Calculate the remainder when c is divided by k.
9
Let g = 2 - -8. Let m = -18 + 45. What is the remainder when m is divided by g?
7
Let z = -23 - -63. Let m = 1 + 13. Calculate the remainder when z is divided by m.
12
Let u be -1 - -2*(-1)/(-2). Let a(p) = u*p - 3*p + 2*p**2 + 2 + 0. Calculate the remainder when a(3) is divided by 4.
3
Let a be ((-18)/(-12))/((-2)/(-36)). What is the remainder when 26 is divided by (-14)/3*a/(-18)?
5
Let w = -4 + 8. Let f = w - -10. Calculate the remainder when 40 is divided by f.
12
Suppose 0 = -20*j + 18*j + 58. What is the remainder when j is divided by 15?
14
Suppose 63*j = 69*j - 114. What is the remainder when 34 is divided by j?
15
What is the remainder when 18 is divided by ((-14)/(-12))/(3/18)?
4
Suppose -4*t - z = -4*z - 624, 4*t + 5*z - 624 = 0. Suppose 0 = -q + 4*q - t. Calculate the remainder when q is divided by 18.
16
Suppose 5 + 13 = 2*q - 3*h, 3*q = -5*h + 65. Calculate the remainder when 58 is divided by q.
13
Let d(t) = t**2 + 6*t + 5. Let c be d(-5). Suppose b + 17 = 2*q - c, 85 = -5*b - 2*q. Let n = b + 25. Calculate the remainder when n is divided by 3.
2
Suppose -7*g = g - 504. Calculate the remainder when g is divided by 13.
11
Suppose -143 = -2*a - 31. Suppose 3*s - 31 = -2*v, v = -5*s + a - 23. What is the remainder when 22 is divided by v?
6
Suppose -2*u - u + 31 = 5*b, -15 = -u - 4*b. Let v = 15 - 3. What is the remainder when v is divided by u?
5
Let s = 17 - -81. What is the remainder when s is divided by 26?
20
Let d(x) = -x + 60. What is the remainder when 178 is divided by d(0)?
58
Suppose -c - 5*w + 45 = 0, -c + w + 9 = -3*w. Let i = -1 - -3. Suppose -i*a + 42 = 4*u, -4*a + 3 - 18 = -3*u. What is the remainder when c is divided by u?
7
Let i = 61 - 21. What is the remainder when i is divided by 14?
12
Suppose d = -3*d + 36. What is the remainder when 26 is divided by d?
8
Let h(l) = l**2 + 25*l + 48. What is the remainder when 33 is divided by h(-23)?
1
Let m = 16 - 9. Suppose -31 = 5*k + 2*p, -3*k + 5*k = -p - 13. Let x(c) = -4*c - 1. What is the remainder when x(k) is divided by m?
5
Let m = -91 - -131. What is the rem